se 657 = t*c - 15. What is the greatest common factor of 14 and c?
14
Let z(v) = -3*v + 7. Let a be z(-3). Let i be (-1 - 0) + -3 + 18. Suppose -15*g - i = -a*g. Calculate the greatest common factor of g and 35.
7
Suppose -11*x = 10 + 1. Let z be (-64 - -1)/(x + 0). Suppose 11 = 4*r - 25. Calculate the greatest common divisor of r and z.
9
Suppose -2418 = -0*g - 13*g. Calculate the highest common factor of g and 124.
62
Suppose -5*x = -4*a - 167, -3*a - 4*x = a + 176. Let g = -10 - a. Suppose 5*c = g + 17. Calculate the greatest common factor of 10 and c.
10
Let y be 5126/18 + 10/(-180)*-4. Calculate the greatest common factor of 30 and y.
15
Suppose -v + 0*z = 2*z - 212, 638 = 3*v + 4*z. Suppose -4*l + v + 106 = 0. Calculate the greatest common divisor of l and 10.
10
Suppose -12*y + 3 = -9*y. Let t be -4*(y + 3)/(-16). Let z = 0 + 7. What is the highest common divisor of t and z?
1
Let y be 29 - 34 - 63*-1. What is the greatest common divisor of y and 522?
58
Let i be ((-18)/(-15))/((-1)/(-10)). Let z be 128/72 - (-2)/9. Suppose -3*m + 54 + i = 2*v, -5*m = z*v - 106. Calculate the highest common factor of m and 4.
4
Let x be (87 + -3)*64/112. What is the highest common divisor of x and 60?
12
Let n be 7 + -6 + (-1 - -4). Suppose 0*f = n*f - 1668. Let o = f - 281. Calculate the greatest common divisor of 17 and o.
17
Suppose -7*h = -5*h - 8. Suppose -s = -h*s + 66. Calculate the highest common factor of s and 154.
22
Suppose 3*s - 15 = 12. Suppose 2 = 5*b - 4*x - 12, 4*b + 4*x = 40. Calculate the greatest common divisor of b and s.
3
Suppose -46 = -45*y + 44. What is the highest common factor of 22 and y?
2
Let r = 422 + -268. What is the highest common divisor of 28 and r?
14
Suppose 0 = 4*b - 8, b + 250 - 36 = 2*f. What is the greatest common divisor of f and 12?
12
Let u(v) = v**3 + 2*v**2 - 4*v - 3. Let l be u(-3). Suppose l = 3*x, 2*y + 2*y + 5*x = 200. What is the highest common divisor of 10 and y?
10
Suppose 106 = 5*c - 2*d, -3*c - 2*c + 102 = -4*d. Suppose 2*b = c - 10. Calculate the greatest common factor of 12 and b.
6
Suppose -4*m = -60*m + 73696. What is the highest common factor of m and 28?
28
Suppose -2*o + 3*w = -186, 2*o - 124 = -2*w + 72. What is the greatest common factor of 72 and o?
24
Let h be (6/12)/(4/368). Calculate the highest common factor of 1311 and h.
23
Suppose 3*u = 4*v + 41, 2*u + v - 80 = -2*u. What is the greatest common factor of 608 and u?
19
Suppose 0 = 5*m + 14*m - 95. What is the highest common factor of 23 and m?
1
Suppose 2*j = 5*g - 92, 3*g - 3*j - 67 = -10. Let q = -12 + 49. Suppose -4*d - q + 109 = 0. Calculate the highest common factor of g and d.
18
Let w(v) = -2*v**3 + 11*v**2 - v + 9. Suppose 42 = 8*o + 2. Let x be w(o). What is the highest common factor of x and 116?
29
Let i(a) = -a**2 - 15*a + 3. Let z be i(-15). Suppose l + 3*t - z = 0, -2*l = -3*l - 5*t - 1. Calculate the greatest common factor of 6 and l.
3
Suppose -5*n + 5*z = 155, n - 3*z = -6*z - 31. Let d be (0 - 4)*n - -2. Let x = -1514 + 1528. Calculate the greatest common factor of x and d.
14
Let n be (12/(-10))/(2/(-5)). Suppose -5 = 5*x + n*y - 29, 0 = -x - 5*y + 18. What is the highest common divisor of 3 and x?
3
Let b = 553 - 385. Let l be (b/(-2))/((-35)/10 - -2). Calculate the greatest common factor of 140 and l.
28
Suppose -2*z = 3*z - 2*o + 724, 0 = z - 3*o + 150. Let n be ((-2)/6)/(12/z). Let h be 8/(-5)*105/(-6). What is the greatest common divisor of h and n?
4
Let o(d) = d**2 - 6*d + 16. Let b be o(-10). Let y = b - 55. What is the greatest common factor of y and 11?
11
Let q = -963 - -975. Let c(i) = -8*i**2 - i + 3. Let o be c(-5). Let d = o - -276. Calculate the greatest common divisor of q and d.
12
Let l(b) = 92*b - 595. Let r be l(7). What is the greatest common divisor of 539 and r?
49
Let v(c) = 2*c**2 + 7*c + 5. Let z be v(-6). Suppose -27*y - 392 = -z*y. Suppose -16 = 5*a + 4, a + 32 = 4*m. What is the highest common factor of y and m?
7
Let h be 1*2 + (-469)/(-67). Let b = 55 + -28. What is the greatest common divisor of h and b?
9
Let p = -21 - -26. Let n = 10 - p. Let b be (-3 + n + -1)*55. Calculate the highest common factor of 22 and b.
11
Suppose 0 = -126*t + 124*t + 308. Calculate the highest common divisor of 22 and t.
22
Let f(w) = 3*w**2 - w + 52. Let v be f(6). Calculate the highest common factor of v and 22.
22
Suppose 0 = 13*d - 227 - 85. What is the greatest common divisor of d and 128?
8
Let s(i) be the third derivative of -25*i**4/24 + 15*i**2. Let v be s(-3). Calculate the highest common factor of 30 and v.
15
Let x be -1*(-1)/((-3)/(-12)). Let b be (-1)/4 + 181/x. Let n = 1818 - 1809. What is the greatest common factor of b and n?
9
Let v = -150 + 225. Suppose z = f + 4*z + 13, -2*f - 2*z = 6. Suppose -f*p = 5*y - 35, -160 = -5*p + 5*y - 3*y. What is the greatest common divisor of v and p?
15
Let z = 1639 - 1419. Calculate the highest common divisor of 88 and z.
44
Let v be 1/(-5) + (-282)/15. Let i = v + 84. Let c be (-236)/(-18) + (-15)/135. What is the highest common divisor of c and i?
13
Suppose -146 = -20*x + 19*x + 2*u, 458 = 3*x - 2*u. Calculate the greatest common factor of 36 and x.
12
Suppose -2*f = -123 + 33. Let y be (-973)/(-13) + (-52)/(-338). What is the greatest common factor of y and f?
15
Let t = 165 + -141. What is the highest common divisor of t and 372?
12
Let o(r) = 72*r**3 - 2*r**2 - 4*r + 4. Let j be o(1). What is the highest common factor of 77 and j?
7
Let l(f) = f**3 - 55*f**2 + 2*f - 95. Let v be l(55). Let y = 2 - -1. What is the greatest common divisor of y and v?
3
Let h = 24 + -19. Suppose -39 = t - 3*t + 3*v, -h*t + 3*v + 84 = 0. What is the greatest common factor of t and 60?
15
Let j = 327 - 318. Calculate the greatest common divisor of j and 27.
9
Let g(q) = -4*q**2 - 8*q - 3. Let i be g(-4). Let u = 43 + i. Let n be 6/(-4)*32/(-6). Calculate the highest common divisor of u and n.
8
Let g(p) = -p. Let c be g(-3). Suppose -62 = -3*o + 2*z, -z + 98 = c*o + 21. Calculate the highest common factor of o and 60.
12
Let k(r) = r**2 + 16*r + 24. Let q be k(-12). Let a = 58 + q. Calculate the highest common divisor of 17 and a.
17
Let n be 0 + ((-2)/4)/(1/(-504)). What is the greatest common factor of n and 48?
12
Let s be (5 + -1)*(-1 + 5). Let r(m) = -11*m + 10. Let g be r(-3). Let a = g - 27. Calculate the greatest common divisor of s and a.
16
Let g be (-1 + 0)/((-2)/22). Let s = -11 + g. Let j be s - -4 - (-2 - -1). Calculate the highest common factor of 5 and j.
5
Suppose 14*k - 194 + 26 = 0. Let u be (9/k)/((-10)/(-1080)). What is the greatest common divisor of 9 and u?
9
Let c be (-3 + 11 - -1261) + (-8)/(-2). What is the greatest common divisor of c and 67?
67
Suppose -2*z + 3*t = -21, z + t - 4*t = 9. Suppose 0 = -g - 4*i + 30, 7*g + 4*i = 3*g + 120. What is the highest common divisor of z and g?
6
Let s be 2*-2 - (12 + -11). Let b(a) = 8*a**2 + 5*a + 12. Let t be b(s). Calculate the greatest common divisor of t and 17.
17
Suppose 0 = -q - 0*q + 5. Suppose -6 = -3*h, -2*c - 2*h - 176 = -q*c. Calculate the greatest common factor of 150 and c.
30
Let x = 915 + -112. What is the greatest common divisor of 11 and x?
11
Suppose -3*x - 6*k + 756 = -2*k, 2*x + 4*k - 504 = 0. Calculate the highest common factor of 280 and x.
28
Let z = 479 + 17. What is the greatest common divisor of z and 31?
31
Let g be 1 - -480 - (-15 + 24). What is the highest common factor of 24 and g?
8
Let x(p) = -p**2 - 4*p + 19. Let h be x(-6). Suppose 0 = -7*s - h*s + 2772. Calculate the greatest common divisor of 18 and s.
18
Suppose 3*m + 4*m = 329. What is the greatest common divisor of m and 329?
47
Let i(y) = 7*y**2 - 90*y - 8. Let j be i(13). Suppose -4*z + 3*z + 11 = 4*c, 23 = 4*c + 5*z. Calculate the highest common factor of c and j.
1
Let f = 11 - 3. Let g be -2*(-15)/10 - -61. What is the greatest common factor of g and f?
8
Let k(c) = 2*c**3 - 5*c**2 + 4*c - 4. Let q be k(4). Suppose 7*t - 8*t + 45 = 4*d, 5*d - 63 = t. What is the greatest common factor of q and d?
12
Let i(o) = -3*o**3 - 3*o**2 - 3*o. Let q be i(-3). Let m = q + -30. What is the highest common factor of m and 3?
3
Let b = -81 + 87. Calculate the highest common divisor of b and 198.
6
Let f = 134 - 86